{"id":1034,"date":"2021-09-13T16:48:49","date_gmt":"2021-09-13T16:48:49","guid":{"rendered":"https:\/\/esici.edu.co\/?page_id=1034"},"modified":"2026-01-13T20:36:12","modified_gmt":"2026-01-13T20:36:12","slug":"tecnica-profesional-en-investigacion-y-seguridad","status":"publish","type":"page","link":"https:\/\/esici.edu.co\/index.php\/tecnica-profesional-en-investigacion-y-seguridad\/","title":{"rendered":"T\u00e9cnica Profesional en Investigaci\u00f3n y Seguridad"},"content":{"rendered":"\n<figure class=\"wp-block-image size-large is-resized\"><img fetchpriority=\"high\" decoding=\"async\" width=\"583\" height=\"1024\" src=\"https:\/\/esici.edu.co\/wp-content\/uploads\/2026\/01\/Dip-int-arti@3x-583x1024.png\" alt=\"\" class=\"wp-image-4233\" style=\"width:840px;height:auto\" srcset=\"https:\/\/esici.edu.co\/wp-content\/uploads\/2026\/01\/Dip-int-arti@3x-583x1024.png 583w, https:\/\/esici.edu.co\/wp-content\/uploads\/2026\/01\/Dip-int-arti@3x-171x300.png 171w, https:\/\/esici.edu.co\/wp-content\/uploads\/2026\/01\/Dip-int-arti@3x-768x1349.png 768w, https:\/\/esici.edu.co\/wp-content\/uploads\/2026\/01\/Dip-int-arti@3x-875x1536.png 875w, https:\/\/esici.edu.co\/wp-content\/uploads\/2026\/01\/Dip-int-arti@3x-1166x2048.png 1166w, https:\/\/esici.edu.co\/wp-content\/uploads\/2026\/01\/Dip-int-arti@3x-scaled.png 1458w\" sizes=\"(max-width: 583px) 100vw, 583px\" \/><\/figure>\n\n\n\n<div class=\"wp-block-columns is-layout-flex wp-container-core-columns-is-layout-9d6595d7 wp-block-columns-is-layout-flex\">\n<div class=\"wp-block-column is-layout-flow wp-block-column-is-layout-flow\">\n<p class=\"has-text-align-center\" style=\"font-size:15px\"><\/p>\n\n\n\n<div class=\"wp-block-buttons is-content-justification-center is-layout-flex wp-container-core-buttons-is-layout-16018d1d wp-block-buttons-is-layout-flex\">\n<div class=\"wp-block-button\"><a class=\"wp-block-button__link has-vivid-cyan-blue-background-color has-background wp-element-button\" href=\"https:\/\/acrobat.adobe.com\/id\/urn:aaid:sc:va6c2:80b6294c-77d9-43ec-a5a8-80696d6c3d0d\" style=\"border-radius:20px\"><strong>Registro calificado<\/strong><\/a><\/div>\n\n\n\n<div class=\"wp-block-button\"><a class=\"wp-block-button__link has-vivid-cyan-blue-background-color has-background has-text-align-center wp-element-button\" href=\"https:\/\/esici.edu.co\/index.php\/inscripcion-tecnica-profesional-en-investigacion-y-seguridad\/\" style=\"border-radius:20px\"><strong>Inscripci\u00f3n<\/strong><\/a><\/div>\n<\/div>\n<\/div>\n<\/div>\n\n\n\n<hr class=\"wp-block-separator has-css-opacity is-style-dots\"\/>\n\n\n\n<h2 class=\"wp-block-heading has-text-align-left\">Informaci\u00f3n General<\/h2>\n\n\n\n<p class=\"has-text-align-left\"><strong>T\u00edtulo que otorga:<\/strong>\u00a0T\u00e9cnico Profesional en Investigaci\u00f3n y Seguridad<br><strong>Resoluci\u00f3n de registro calificado:<\/strong>\u00a0C\u00f3digo SNIES 10161<br><strong>Valor de la inscripci\u00f3n:<\/strong>\u00a0$$432.000 <br><strong>Tipo de formaci\u00f3n:<\/strong>\u00a0Pregrado<br><strong>Contacto:<\/strong>\u00a03223825884 \/ admisiones.esici@cedoc.edu.co<br><strong>Lugar donde se oferta:<\/strong>\u00a0Bogot\u00e1 D.C., Colombia.<\/p>\n\n\n\n<hr class=\"wp-block-separator has-css-opacity\"\/>\n\n\n\n<div class=\"wp-block-columns is-layout-flex wp-container-core-columns-is-layout-9d6595d7 wp-block-columns-is-layout-flex\">\n<div class=\"wp-block-column is-layout-flow wp-block-column-is-layout-flow\">\n<h2 class=\"wp-block-heading\">PERFIL DEL&nbsp;ASPIRANTE<\/h2>\n\n\n\n<p>El aspirante al programa T\u00e9cnica Profesional en Investigaci\u00f3n y Seguridad, debe demostrar un perfil ajustado a seis criterios descritos a continuaci\u00f3n:<\/p>\n\n\n\n<ol class=\"wp-block-list\">\n<li>Vinculaci\u00f3n: Debe pertenece a las Fuerzas Militares, desempe\u00f1arse en actividades de inteligencia militar y no tener procesos judiciales en su contra.<\/li>\n\n\n\n<li>Liderazgo: Iniciativa para dirigir, planear, conducir y ejecutar.<\/li>\n\n\n\n<li>Capacidad para la soluci\u00f3n de situaciones complejas: Proponiendo y aplicando soluciones innovadoras y efectivas a situaciones problem\u00e1ticas.<\/li>\n\n\n\n<li>Habilidades comunicativas: Comunica sus ideas de forma asertiva a sus interlocutores<\/li>\n\n\n\n<li>Respeto por los principios y valores institucionales: Al actuar de manera consecuente, teniendo presentes y respetando los principios y valores institucionales.<\/li>\n\n\n\n<li>Inter\u00e9s por la investigaci\u00f3n: Al comprender el proceso para construir el conocimiento cient\u00edfico y se interesa en su desarrollo.<\/li>\n<\/ol>\n<\/div>\n\n\n\n<div class=\"wp-block-column is-layout-flow wp-block-column-is-layout-flow\">\n<h2 class=\"wp-block-heading has-text-align-left\">PERFIL DEL&nbsp;EGRESADO<\/h2>\n\n\n\n<p>El egresado del programa, estar\u00e1 calificado para planear actividades de b\u00fasqueda de informaci\u00f3n de inter\u00e9s para la inteligencia Militar y corporativa; coordinar actividades de identificaci\u00f3n, an\u00e1lisis y evaluaci\u00f3n de informaci\u00f3n de inter\u00e9s para la inteligencia Militar y corporativa; dirigir actividades de los diferentes procesos para la consolidaci\u00f3n de productos de inteligencia, que  coadyuven a las organizaciones a reducir el riesgo en la toma de decisiones; articular el proceso de difusi\u00f3n de productos de inteligencia, con el fin de reducir la incertidumbre en la toma de decisiones; desarrollar actividades de auditor\u00eda, administraci\u00f3n o direcci\u00f3n de<br>departamentos o dependencias de seguridad en empresas privadas; coordinar la aplicaci\u00f3n de los principios y valores institucionales en cada uno de los procesos que desarrolle en su \u00e1mbito laboral; y  direccionar un proceso de gesti\u00f3n integral, alrededor del proceso de inteligencia o de las tareas de seguridad empresarial.<\/p>\n<\/div>\n<\/div>\n\n\n\n<hr class=\"wp-block-separator has-css-opacity\"\/>\n\n\n\n<h2 class=\"wp-block-heading has-text-align-center\"><strong><em>Para realizar tus pagos del Pregrado, lo puedes realizar a trav\u00e9s de PSE haciendo clic en el bot\u00f3<\/em><\/strong>n<\/h2>\n\n\n<div class=\"wp-block-image is-resized\">\n<figure class=\"aligncenter size-large\"><a href=\"https:\/\/www.zonapagos.com\/t_cenaceduejer\/pagos.asp\" target=\"_blank\" rel=\"noopener\"><img decoding=\"async\" width=\"378\" height=\"376\" src=\"https:\/\/esici.edu.co\/wp-content\/uploads\/2021\/05\/PSE.png\" alt=\"\" class=\"wp-image-116\" style=\"width:187px;height:auto\" srcset=\"https:\/\/esici.edu.co\/wp-content\/uploads\/2021\/05\/PSE.png 378w, https:\/\/esici.edu.co\/wp-content\/uploads\/2021\/05\/PSE-300x298.png 300w, https:\/\/esici.edu.co\/wp-content\/uploads\/2021\/05\/PSE-150x150.png 150w\" sizes=\"(max-width: 378px) 100vw, 378px\" \/><\/a><\/figure><\/div>","protected":false},"excerpt":{"rendered":"<p>Informaci\u00f3n General T\u00edtulo que otorga:\u00a0T\u00e9cnico Profesional en Investigaci\u00f3n y SeguridadResoluci\u00f3n de registro calificado:\u00a0C\u00f3digo SNIES 10161Valor de la inscripci\u00f3n:\u00a0$$432.000 Tipo de formaci\u00f3n:\u00a0PregradoContacto:\u00a03223825884 \/ admisiones.esici@cedoc.edu.coLugar donde se oferta:\u00a0Bogot\u00e1 D.C., Colombia. PERFIL DEL&nbsp;ASPIRANTE El aspirante al programa T\u00e9cnica Profesional en Investigaci\u00f3n y Seguridad, debe demostrar un perfil ajustado a seis criterios descritos a continuaci\u00f3n: PERFIL DEL&nbsp;EGRESADO El egresado [&hellip;]<\/p>\n","protected":false},"author":1,"featured_media":0,"parent":0,"menu_order":0,"comment_status":"closed","ping_status":"closed","template":"","meta":{"_eb_attr":"","om_disable_all_campaigns":false,"_monsterinsights_skip_tracking":false,"_monsterinsights_sitenote_active":false,"_monsterinsights_sitenote_note":"","_monsterinsights_sitenote_category":0,"_uf_show_specific_survey":0,"_uf_disable_surveys":false,"footnotes":""},"class_list":["post-1034","page","type-page","status-publish","hentry"],"aioseo_notices":[],"_links":{"self":[{"href":"https:\/\/esici.edu.co\/index.php\/wp-json\/wp\/v2\/pages\/1034","targetHints":{"allow":["GET"]}}],"collection":[{"href":"https:\/\/esici.edu.co\/index.php\/wp-json\/wp\/v2\/pages"}],"about":[{"href":"https:\/\/esici.edu.co\/index.php\/wp-json\/wp\/v2\/types\/page"}],"author":[{"embeddable":true,"href":"https:\/\/esici.edu.co\/index.php\/wp-json\/wp\/v2\/users\/1"}],"replies":[{"embeddable":true,"href":"https:\/\/esici.edu.co\/index.php\/wp-json\/wp\/v2\/comments?post=1034"}],"version-history":[{"count":11,"href":"https:\/\/esici.edu.co\/index.php\/wp-json\/wp\/v2\/pages\/1034\/revisions"}],"predecessor-version":[{"id":4242,"href":"https:\/\/esici.edu.co\/index.php\/wp-json\/wp\/v2\/pages\/1034\/revisions\/4242"}],"wp:attachment":[{"href":"https:\/\/esici.edu.co\/index.php\/wp-json\/wp\/v2\/media?parent=1034"}],"curies":[{"name":"wp","href":"https:\/\/api.w.org\/{rel}","templated":true}]}}