{"id":1087,"date":"2021-09-16T19:54:23","date_gmt":"2021-09-16T19:54:23","guid":{"rendered":"https:\/\/esici.edu.co\/?page_id=1087"},"modified":"2026-02-06T12:58:19","modified_gmt":"2026-02-06T12:58:19","slug":"diplomado-en-proteccion-patrimonial","status":"publish","type":"page","link":"https:\/\/esici.edu.co\/index.php\/diplomado-en-proteccion-patrimonial\/","title":{"rendered":"Diplomado en Protecci\u00f3n Patrimonial"},"content":{"rendered":"<div class=\"wp-block-image\">\n<figure class=\"aligncenter size-large is-resized\"><img fetchpriority=\"high\" decoding=\"async\" width=\"703\" height=\"1024\" src=\"https:\/\/esici.edu.co\/wp-content\/uploads\/2025\/12\/Dip-Prot-patri@3x-100-703x1024.jpg\" alt=\"\" class=\"wp-image-4206\" style=\"width:840px;height:auto\" srcset=\"https:\/\/esici.edu.co\/wp-content\/uploads\/2025\/12\/Dip-Prot-patri@3x-100-703x1024.jpg 703w, https:\/\/esici.edu.co\/wp-content\/uploads\/2025\/12\/Dip-Prot-patri@3x-100-206x300.jpg 206w, https:\/\/esici.edu.co\/wp-content\/uploads\/2025\/12\/Dip-Prot-patri@3x-100-768x1118.jpg 768w, https:\/\/esici.edu.co\/wp-content\/uploads\/2025\/12\/Dip-Prot-patri@3x-100-1055x1536.jpg 1055w, https:\/\/esici.edu.co\/wp-content\/uploads\/2025\/12\/Dip-Prot-patri@3x-100-1407x2048.jpg 1407w, https:\/\/esici.edu.co\/wp-content\/uploads\/2025\/12\/Dip-Prot-patri@3x-100-scaled.jpg 1759w\" sizes=\"(max-width: 703px) 100vw, 703px\" \/><\/figure><\/div>\n\n\n<div class=\"wp-block-buttons is-content-justification-center is-layout-flex wp-container-core-buttons-is-layout-16018d1d wp-block-buttons-is-layout-flex\">\n<div class=\"wp-block-button is-style-fill\"><a class=\"wp-block-button__link has-vivid-cyan-blue-background-color has-background wp-element-button\" href=\"http:\/\/190.144.10.234:8080\/Karakum\/Control\/\">Inscripci\u00f3n<\/a><\/div>\n\n\n\n<div class=\"wp-block-button\"><a class=\"wp-block-button__link has-vivid-cyan-blue-background-color has-background wp-element-button\" href=\"https:\/\/www.zonapagos.com\/pagosn2\/LoginCliente\">Pago en L\u00ednea<\/a><\/div>\n<\/div>\n\n\n\n<hr class=\"wp-block-separator has-css-opacity\"\/>\n\n\n\n<h2 class=\"wp-block-heading has-text-align-left\">Informaci\u00f3n General<\/h2>\n\n\n\n<p class=\"has-text-align-left\"><strong>T\u00edtulo que otorga:<\/strong>\u00a0Protecci\u00f3n Patrimonial<strong><br>Modalidad:\u00a0<\/strong>Virtual. Tutorado<strong><br>Duraci\u00f3n estimada:<\/strong>\u00a0120 horas<strong><br>Valor:\u00a0<\/strong>$1\u2019703.800<strong><br>Nivel:\u00a0<\/strong>Complementario<strong><br>Contacto:\u00a0\u00a0<\/strong>3142639342 \/ admisiones.esici@cedoc.edu.co<strong><br>Lugar donde se oferta:<\/strong>\u00a0Bogot\u00e1 D.C., Colombia.<strong><br><em>*El valor corresponde al costo por periodo fijado para el a\u00f1o 202<\/em><\/strong>5.<\/p>\n\n\n\n<hr class=\"wp-block-separator has-css-opacity\"\/>\n\n\n\n<div class=\"wp-block-columns is-layout-flex wp-container-core-columns-is-layout-9d6595d7 wp-block-columns-is-layout-flex\">\n<div class=\"wp-block-column is-layout-flow wp-block-column-is-layout-flow\">\n<h2 class=\"wp-block-heading\"><strong>Objetivo General<\/strong><\/h2>\n\n\n\n<p>Actualizar y reforzar conocimientos de los profesionales a cargo de las \u00e1reas de gesti\u00f3n de seguridad de sus organizaciones en siete \u00e1reas. Contar con una adecuada preparaci\u00f3n para presentar el examen de certificaci\u00f3n CPP.<\/p>\n<\/div>\n\n\n\n<div class=\"wp-block-column is-layout-flow wp-block-column-is-layout-flow\">\n<h2 class=\"wp-block-heading\"><strong>Objetivos Espec\u00edficos<\/strong><\/h2>\n\n\n\n<ul class=\"wp-block-list\">\n<li>Preparar acad\u00e9micamente a los interesados para presentar el examen de Certificaci\u00f3n CPP (Certified Protecci\u00f3n Professional) de ASIS International.<\/li>\n\n\n\n<li>Fomentar los estudios de la seguridad corporativa, contribuyendo en \u00faltima instancia a fortalecer los sistemas de seguridad en las organizaciones modernas evitando p\u00e9rdidas.<\/li>\n\n\n\n<li>Crear cultura de entorno seguros en las organizaciones.<\/li>\n\n\n\n<li>Dise\u00f1o y desarrollo de la selecci\u00f3n y Seguridad de personal y de la protecci\u00f3n de personas de alto riesgo.<\/li>\n<\/ul>\n<\/div>\n<\/div>\n\n\n\n<hr class=\"wp-block-separator has-css-opacity\"\/>\n\n\n\n<p><\/p>\n","protected":false},"excerpt":{"rendered":"<p>Informaci\u00f3n General T\u00edtulo que otorga:\u00a0Protecci\u00f3n PatrimonialModalidad:\u00a0Virtual. TutoradoDuraci\u00f3n estimada:\u00a0120 horasValor:\u00a0$1\u2019703.800Nivel:\u00a0ComplementarioContacto:\u00a0\u00a03142639342 \/ admisiones.esici@cedoc.edu.coLugar donde se oferta:\u00a0Bogot\u00e1 D.C., Colombia.*El valor corresponde al costo por periodo fijado para el a\u00f1o 2025. Objetivo General Actualizar y reforzar conocimientos de los profesionales a cargo de las \u00e1reas de gesti\u00f3n de seguridad de sus organizaciones en siete \u00e1reas. Contar con una adecuada [&hellip;]<\/p>\n","protected":false},"author":1,"featured_media":0,"parent":0,"menu_order":0,"comment_status":"closed","ping_status":"closed","template":"","meta":{"_eb_attr":"","om_disable_all_campaigns":false,"_monsterinsights_skip_tracking":false,"_monsterinsights_sitenote_active":false,"_monsterinsights_sitenote_note":"","_monsterinsights_sitenote_category":0,"_uf_show_specific_survey":0,"_uf_disable_surveys":false,"footnotes":""},"class_list":["post-1087","page","type-page","status-publish","hentry"],"aioseo_notices":[],"_links":{"self":[{"href":"https:\/\/esici.edu.co\/index.php\/wp-json\/wp\/v2\/pages\/1087","targetHints":{"allow":["GET"]}}],"collection":[{"href":"https:\/\/esici.edu.co\/index.php\/wp-json\/wp\/v2\/pages"}],"about":[{"href":"https:\/\/esici.edu.co\/index.php\/wp-json\/wp\/v2\/types\/page"}],"author":[{"embeddable":true,"href":"https:\/\/esici.edu.co\/index.php\/wp-json\/wp\/v2\/users\/1"}],"replies":[{"embeddable":true,"href":"https:\/\/esici.edu.co\/index.php\/wp-json\/wp\/v2\/comments?post=1087"}],"version-history":[{"count":18,"href":"https:\/\/esici.edu.co\/index.php\/wp-json\/wp\/v2\/pages\/1087\/revisions"}],"predecessor-version":[{"id":4281,"href":"https:\/\/esici.edu.co\/index.php\/wp-json\/wp\/v2\/pages\/1087\/revisions\/4281"}],"wp:attachment":[{"href":"https:\/\/esici.edu.co\/index.php\/wp-json\/wp\/v2\/media?parent=1087"}],"curies":[{"name":"wp","href":"https:\/\/api.w.org\/{rel}","templated":true}]}}