{"id":2805,"date":"2024-07-16T20:39:41","date_gmt":"2024-07-16T20:39:41","guid":{"rendered":"https:\/\/esici.edu.co\/?page_id=2805"},"modified":"2024-07-16T20:42:14","modified_gmt":"2024-07-16T20:42:14","slug":"inscripcion-en-tecnologia-en-administracion-y-analisis-de-la-seguridad","status":"publish","type":"page","link":"https:\/\/esici.edu.co\/index.php\/inscripcion-en-tecnologia-en-administracion-y-analisis-de-la-seguridad\/","title":{"rendered":"Inscripci\u00f3n en Tecnolog\u00eda en Administraci\u00f3n y An\u00e1lisis de la Seguridad."},"content":{"rendered":"\n<figure class=\"wp-block-image size-large\"><img fetchpriority=\"high\" decoding=\"async\" width=\"1024\" height=\"427\" src=\"https:\/\/esici.edu.co\/wp-content\/uploads\/2024\/07\/Tecnologia-en-Administracion-y-Analisis-de-la-Seguridad-1-1024x427.jpg\" alt=\"\" class=\"wp-image-2806\" srcset=\"https:\/\/esici.edu.co\/wp-content\/uploads\/2024\/07\/Tecnologia-en-Administracion-y-Analisis-de-la-Seguridad-1-1024x427.jpg 1024w, https:\/\/esici.edu.co\/wp-content\/uploads\/2024\/07\/Tecnologia-en-Administracion-y-Analisis-de-la-Seguridad-1-300x125.jpg 300w, https:\/\/esici.edu.co\/wp-content\/uploads\/2024\/07\/Tecnologia-en-Administracion-y-Analisis-de-la-Seguridad-1-768x320.jpg 768w, https:\/\/esici.edu.co\/wp-content\/uploads\/2024\/07\/Tecnologia-en-Administracion-y-Analisis-de-la-Seguridad-1-1536x640.jpg 1536w, https:\/\/esici.edu.co\/wp-content\/uploads\/2024\/07\/Tecnologia-en-Administracion-y-Analisis-de-la-Seguridad-1.jpg 1920w\" sizes=\"(max-width: 1024px) 100vw, 1024px\" \/><\/figure>\n\n\n\n<div class=\"wp-block-buttons is-layout-flex wp-block-buttons-is-layout-flex\">\n<div class=\"wp-block-button\"><a class=\"wp-block-button__link has-vivid-cyan-blue-background-color has-background wp-element-button\" href=\"https:\/\/acrobat.adobe.com\/id\/urn:aaid:sc:VA6C2:87f5ff16-df77-43ad-816e-e01b3ac76853\"><strong>Formulario de Inscripci\u00f3n<\/strong><\/a><\/div>\n<\/div>\n\n\n\n<p><\/p>\n","protected":false},"excerpt":{"rendered":"","protected":false},"author":1,"featured_media":0,"parent":0,"menu_order":0,"comment_status":"closed","ping_status":"closed","template":"","meta":{"_eb_attr":"","om_disable_all_campaigns":false,"_monsterinsights_skip_tracking":false,"_monsterinsights_sitenote_active":false,"_monsterinsights_sitenote_note":"","_monsterinsights_sitenote_category":0,"_uf_show_specific_survey":0,"_uf_disable_surveys":false,"footnotes":""},"class_list":["post-2805","page","type-page","status-publish","hentry"],"aioseo_notices":[],"_links":{"self":[{"href":"https:\/\/esici.edu.co\/index.php\/wp-json\/wp\/v2\/pages\/2805","targetHints":{"allow":["GET"]}}],"collection":[{"href":"https:\/\/esici.edu.co\/index.php\/wp-json\/wp\/v2\/pages"}],"about":[{"href":"https:\/\/esici.edu.co\/index.php\/wp-json\/wp\/v2\/types\/page"}],"author":[{"embeddable":true,"href":"https:\/\/esici.edu.co\/index.php\/wp-json\/wp\/v2\/users\/1"}],"replies":[{"embeddable":true,"href":"https:\/\/esici.edu.co\/index.php\/wp-json\/wp\/v2\/comments?post=2805"}],"version-history":[{"count":2,"href":"https:\/\/esici.edu.co\/index.php\/wp-json\/wp\/v2\/pages\/2805\/revisions"}],"predecessor-version":[{"id":2809,"href":"https:\/\/esici.edu.co\/index.php\/wp-json\/wp\/v2\/pages\/2805\/revisions\/2809"}],"wp:attachment":[{"href":"https:\/\/esici.edu.co\/index.php\/wp-json\/wp\/v2\/media?parent=2805"}],"curies":[{"name":"wp","href":"https:\/\/api.w.org\/{rel}","templated":true}]}}