{"id":484,"date":"2021-05-20T16:13:35","date_gmt":"2021-05-20T16:13:35","guid":{"rendered":"https:\/\/esici.edu.co\/?page_id=484"},"modified":"2026-04-08T04:12:02","modified_gmt":"2026-04-08T04:12:02","slug":"desarrollo-e-innovacion-tecnologica-en-inteligencia","status":"publish","type":"page","link":"https:\/\/esici.edu.co\/index.php\/desarrollo-e-innovacion-tecnologica-en-inteligencia\/","title":{"rendered":""},"content":{"rendered":"\n<figure class=\"wp-block-image alignwide size-large\"><img fetchpriority=\"high\" decoding=\"async\" width=\"1024\" height=\"267\" src=\"https:\/\/esici.edu.co\/wp-content\/uploads\/2026\/04\/Mesa-de-trabajo-2-1024x267.png\" alt=\"\" class=\"wp-image-4384\" srcset=\"https:\/\/esici.edu.co\/wp-content\/uploads\/2026\/04\/Mesa-de-trabajo-2-1024x267.png 1024w, https:\/\/esici.edu.co\/wp-content\/uploads\/2026\/04\/Mesa-de-trabajo-2-300x78.png 300w, https:\/\/esici.edu.co\/wp-content\/uploads\/2026\/04\/Mesa-de-trabajo-2-768x200.png 768w, https:\/\/esici.edu.co\/wp-content\/uploads\/2026\/04\/Mesa-de-trabajo-2-1536x400.png 1536w, https:\/\/esici.edu.co\/wp-content\/uploads\/2026\/04\/Mesa-de-trabajo-2.png 1920w\" sizes=\"(max-width: 1024px) 100vw, 1024px\" \/><\/figure>\n\n\n\n<h1 class=\"wp-block-heading\">Enfoque<\/h1>\n\n\n\n<p>Evaluar todas las din\u00e1micas que puedan causar sorpresa tecnol\u00f3gica por actores con capacidades contrarias a los intereses Nacionales, con el fin de desarrollar medios y m\u00e9todos innovadores de defensa.<\/p>\n\n\n\n<h1 class=\"wp-block-heading\">Fundamentaci\u00f3n<\/h1>\n\n\n\n<p>Con esta l\u00ednea de investigaci\u00f3n se desarrollar\u00eda por innovaci\u00f3n o transferencia de conocimiento la tecnolog\u00eda necesaria para que el Estado Colombiano evite sorpresas tecnol\u00f3gicas, lo cual es trascendente para el bienestar de los elementos constitutivos de poblaci\u00f3n, territorio y gobierno, a partir de la creaci\u00f3n de soluciones como productos, dise\u00f1os, servicios, procesos y m\u00e9todos, todos tecnol\u00f3gicos, para cada una de las fases que involucran a la inteligencia y contrainteligencia militar en pos de salvaguardar los intereses nacionales. Estos productos aportar\u00edan nuevos m\u00e9todos de soluci\u00f3n de problemas al desarrollo e innovaci\u00f3n del pa\u00eds, utilizando espec\u00edficamente una metodolog\u00eda desde la perspectiva militar. Como valor te\u00f3rico se generar\u00eda nuevo conocimiento a partir de nuevas invenciones y patentes.<\/p>\n\n\n\n<hr class=\"wp-block-separator has-css-opacity\"\/>\n\n\n\n<h1 class=\"wp-block-heading\">SUBLINEAS<\/h1>\n\n\n\n<h3 class=\"wp-block-heading\">Investigaci\u00f3n Tecnol\u00f3gica:\u00a0<\/h3>\n\n\n\n<p>Evaluar los avances, evoluci\u00f3n y creaci\u00f3n tecnol\u00f3gicos globales que sean susceptibles de control por parte de sistemas de inteligencia y contrainteligencia dirigidos a la obtenci\u00f3n de nuevos conocimientos y la aplicabilidad de estos en la soluci\u00f3n de problemas de car\u00e1cter tecnol\u00f3gico.<\/p>\n\n\n\n<h3 class=\"wp-block-heading\">Desarrollo Tecnol\u00f3gico:<\/h3>\n\n\n\n<p>Desarrollar las capacidades pertinentes de elementos tecnol\u00f3gicos que enriquezcan las capacidades de inteligencia del Estado colombiano. En lo relativo a dispositivos, software y hardware.<\/p>\n\n\n\n<h3 class=\"wp-block-heading\">Innovaci\u00f3n Tecnol\u00f3gica:<\/h3>\n\n\n\n<p>Estimar las necesidades y requerimientos del sistema de inteligencia y contrainteligencia que prevengan y mitiguen amenazas que afectan al Estado colombiano mediante el surgimiento de nuevas ideas, conceptos y pr\u00e1cticas t\u00e9cnicas.<\/p>\n","protected":false},"excerpt":{"rendered":"<p>Enfoque Evaluar todas las din\u00e1micas que puedan causar sorpresa tecnol\u00f3gica por actores con capacidades contrarias a los intereses Nacionales, con el fin de desarrollar medios y m\u00e9todos innovadores de defensa. Fundamentaci\u00f3n Con esta l\u00ednea de investigaci\u00f3n se desarrollar\u00eda por innovaci\u00f3n o transferencia de conocimiento la tecnolog\u00eda necesaria para que el Estado Colombiano evite sorpresas tecnol\u00f3gicas, [&hellip;]<\/p>\n","protected":false},"author":1,"featured_media":0,"parent":0,"menu_order":0,"comment_status":"closed","ping_status":"closed","template":"","meta":{"_eb_attr":"","om_disable_all_campaigns":false,"_monsterinsights_skip_tracking":false,"_monsterinsights_sitenote_active":false,"_monsterinsights_sitenote_note":"","_monsterinsights_sitenote_category":0,"_uf_show_specific_survey":0,"_uf_disable_surveys":false,"footnotes":""},"class_list":["post-484","page","type-page","status-publish","hentry"],"aioseo_notices":[],"_links":{"self":[{"href":"https:\/\/esici.edu.co\/index.php\/wp-json\/wp\/v2\/pages\/484","targetHints":{"allow":["GET"]}}],"collection":[{"href":"https:\/\/esici.edu.co\/index.php\/wp-json\/wp\/v2\/pages"}],"about":[{"href":"https:\/\/esici.edu.co\/index.php\/wp-json\/wp\/v2\/types\/page"}],"author":[{"embeddable":true,"href":"https:\/\/esici.edu.co\/index.php\/wp-json\/wp\/v2\/users\/1"}],"replies":[{"embeddable":true,"href":"https:\/\/esici.edu.co\/index.php\/wp-json\/wp\/v2\/comments?post=484"}],"version-history":[{"count":3,"href":"https:\/\/esici.edu.co\/index.php\/wp-json\/wp\/v2\/pages\/484\/revisions"}],"predecessor-version":[{"id":4394,"href":"https:\/\/esici.edu.co\/index.php\/wp-json\/wp\/v2\/pages\/484\/revisions\/4394"}],"wp:attachment":[{"href":"https:\/\/esici.edu.co\/index.php\/wp-json\/wp\/v2\/media?parent=484"}],"curies":[{"name":"wp","href":"https:\/\/api.w.org\/{rel}","templated":true}]}}