{"id":488,"date":"2021-05-20T16:16:28","date_gmt":"2021-05-20T16:16:28","guid":{"rendered":"https:\/\/esici.edu.co\/?page_id=488"},"modified":"2026-04-08T04:13:26","modified_gmt":"2026-04-08T04:13:26","slug":"pensamiento-teorico-doctrinal-para-inteligencia-y-contrainteligencia","status":"publish","type":"page","link":"https:\/\/esici.edu.co\/index.php\/pensamiento-teorico-doctrinal-para-inteligencia-y-contrainteligencia\/","title":{"rendered":""},"content":{"rendered":"\n<figure class=\"wp-block-image alignwide size-large\"><img fetchpriority=\"high\" decoding=\"async\" width=\"1024\" height=\"267\" src=\"https:\/\/esici.edu.co\/wp-content\/uploads\/2026\/04\/Mesa-de-trabajo-1-1024x267.png\" alt=\"\" class=\"wp-image-4383\" srcset=\"https:\/\/esici.edu.co\/wp-content\/uploads\/2026\/04\/Mesa-de-trabajo-1-1024x267.png 1024w, https:\/\/esici.edu.co\/wp-content\/uploads\/2026\/04\/Mesa-de-trabajo-1-300x78.png 300w, https:\/\/esici.edu.co\/wp-content\/uploads\/2026\/04\/Mesa-de-trabajo-1-768x200.png 768w, https:\/\/esici.edu.co\/wp-content\/uploads\/2026\/04\/Mesa-de-trabajo-1-1536x400.png 1536w, https:\/\/esici.edu.co\/wp-content\/uploads\/2026\/04\/Mesa-de-trabajo-1.png 1920w\" sizes=\"(max-width: 1024px) 100vw, 1024px\" \/><\/figure>\n\n\n\n<h1 class=\"wp-block-heading\">Enfoque<\/h1>\n\n\n\n<p>Desarrollar una profundizaci\u00f3n te\u00f3rica y doctrinal de las actividades de inteligencia y contrainteligencia, con un car\u00e1cter de disciplina cient\u00edfica, en busca de generar cultura y mejora continua sobre su naturaleza, esencia, objetivos, car\u00e1cter, particularidades y procesos propios de la actividad, fundamentada en la necesidad, entorno, contexto, retos y desaf\u00edos.<\/p>\n\n\n\n<h1 class=\"wp-block-heading\">Fundamentaci\u00f3n<\/h1>\n\n\n\n<p>La producci\u00f3n cient\u00edfica acerca del pensamiento te\u00f3rico doctrinal proporcionar\u00e1 el conjunto de ideas y concepciones establecidas por los sistemas de inteligencia y contrainteligencia sobre la esencia, objetivos, car\u00e1cter, particularidades y consecuencias de dichos sistemas, con lo que se podr\u00e1 obtener informaci\u00f3n anticipada sobre las disposiciones e intenciones del enemigo, y los m\u00e9todos para su conducci\u00f3n y realizaci\u00f3n. El valor te\u00f3rico que aporta esta l\u00ednea de investigaci\u00f3n es el nuevo conocimiento cient\u00edfico que surge de la correlaci\u00f3n de las diferentes variables que constituyen la cotidianidad de los eventos y particularidades de los sistemas de inteligencia y contrainteligencia en sus funciones misionales. La utilidad metodol\u00f3gica ser\u00e1 que la ESICI desarrollara una metodolog\u00eda espec\u00edfica para recolectar y analizar datos, as\u00ed como tambi\u00e9n, a la definici\u00f3n de nuevas variables, conceptos, esencias u objetivos que contribuyan a la retroalimentaci\u00f3n constante de dicha teor\u00eda y doctrina.<\/p>\n\n\n\n<hr class=\"wp-block-separator has-css-opacity\"\/>\n\n\n\n<h1 class=\"wp-block-heading\">SUBLINEAS<\/h1>\n\n\n\n<h3 class=\"wp-block-heading\">Inteligencia:<em>\u00a0<\/em><\/h3>\n\n\n\n<p>Desarrollar metodolog\u00edas y herramientas que permitan fortalecer la inteligencia como un instrumento para apoyar la toma de decisiones de una fuerza militar o de los actores del sistema internacional.<\/p>\n\n\n\n<h3 class=\"wp-block-heading\">Contrainteligencia:<\/h3>\n\n\n\n<p>Desarrollar metodolog\u00edas y herramientas que permitan fortalecer la contrainteligencia como un instrumento para apoyar la toma de decisiones de una fuerza militar o de los actores del sistema internacional.<\/p>\n","protected":false},"excerpt":{"rendered":"<p>Enfoque Desarrollar una profundizaci\u00f3n te\u00f3rica y doctrinal de las actividades de inteligencia y contrainteligencia, con un car\u00e1cter de disciplina cient\u00edfica, en busca de generar cultura y mejora continua sobre su naturaleza, esencia, objetivos, car\u00e1cter, particularidades y procesos propios de la actividad, fundamentada en la necesidad, entorno, contexto, retos y desaf\u00edos. Fundamentaci\u00f3n La producci\u00f3n cient\u00edfica acerca [&hellip;]<\/p>\n","protected":false},"author":1,"featured_media":0,"parent":0,"menu_order":0,"comment_status":"closed","ping_status":"closed","template":"","meta":{"_eb_attr":"","om_disable_all_campaigns":false,"_monsterinsights_skip_tracking":false,"_monsterinsights_sitenote_active":false,"_monsterinsights_sitenote_note":"","_monsterinsights_sitenote_category":0,"_uf_show_specific_survey":0,"_uf_disable_surveys":false,"footnotes":""},"class_list":["post-488","page","type-page","status-publish","hentry"],"aioseo_notices":[],"_links":{"self":[{"href":"https:\/\/esici.edu.co\/index.php\/wp-json\/wp\/v2\/pages\/488","targetHints":{"allow":["GET"]}}],"collection":[{"href":"https:\/\/esici.edu.co\/index.php\/wp-json\/wp\/v2\/pages"}],"about":[{"href":"https:\/\/esici.edu.co\/index.php\/wp-json\/wp\/v2\/types\/page"}],"author":[{"embeddable":true,"href":"https:\/\/esici.edu.co\/index.php\/wp-json\/wp\/v2\/users\/1"}],"replies":[{"embeddable":true,"href":"https:\/\/esici.edu.co\/index.php\/wp-json\/wp\/v2\/comments?post=488"}],"version-history":[{"count":2,"href":"https:\/\/esici.edu.co\/index.php\/wp-json\/wp\/v2\/pages\/488\/revisions"}],"predecessor-version":[{"id":4397,"href":"https:\/\/esici.edu.co\/index.php\/wp-json\/wp\/v2\/pages\/488\/revisions\/4397"}],"wp:attachment":[{"href":"https:\/\/esici.edu.co\/index.php\/wp-json\/wp\/v2\/media?parent=488"}],"curies":[{"name":"wp","href":"https:\/\/api.w.org\/{rel}","templated":true}]}}