{"id":822,"date":"2021-09-03T20:56:34","date_gmt":"2021-09-03T20:56:34","guid":{"rendered":"https:\/\/esici.edu.co\/?page_id=822"},"modified":"2026-01-13T20:32:38","modified_gmt":"2026-01-13T20:32:38","slug":"especializacion-profesional-en-seguridad-integral-y-analisis-de-riesgos","status":"publish","type":"page","link":"https:\/\/esici.edu.co\/index.php\/especializacion-profesional-en-seguridad-integral-y-analisis-de-riesgos\/","title":{"rendered":"Especializaci\u00f3n Profesional en Seguridad Integral y An\u00e1lisis de Riesgos."},"content":{"rendered":"<div class=\"wp-block-image\">\n<figure class=\"aligncenter size-large is-resized\"><img fetchpriority=\"high\" decoding=\"async\" width=\"583\" height=\"1024\" src=\"https:\/\/esici.edu.co\/wp-content\/uploads\/2026\/01\/Dip-int-arti_5@3x-583x1024.png\" alt=\"\" class=\"wp-image-4220\" style=\"width:840px;height:auto\" srcset=\"https:\/\/esici.edu.co\/wp-content\/uploads\/2026\/01\/Dip-int-arti_5@3x-583x1024.png 583w, https:\/\/esici.edu.co\/wp-content\/uploads\/2026\/01\/Dip-int-arti_5@3x-171x300.png 171w, https:\/\/esici.edu.co\/wp-content\/uploads\/2026\/01\/Dip-int-arti_5@3x-768x1349.png 768w, https:\/\/esici.edu.co\/wp-content\/uploads\/2026\/01\/Dip-int-arti_5@3x-875x1536.png 875w, https:\/\/esici.edu.co\/wp-content\/uploads\/2026\/01\/Dip-int-arti_5@3x-1166x2048.png 1166w, https:\/\/esici.edu.co\/wp-content\/uploads\/2026\/01\/Dip-int-arti_5@3x-scaled.png 1458w\" sizes=\"(max-width: 583px) 100vw, 583px\" \/><\/figure><\/div>\n\n\n<div style=\"height:36px\" aria-hidden=\"true\" class=\"wp-block-spacer\"><\/div>\n\n\n\n<div class=\"wp-block-buttons is-content-justification-center is-layout-flex wp-container-core-buttons-is-layout-16018d1d wp-block-buttons-is-layout-flex\">\n<div class=\"wp-block-button is-style-outline is-style-outline--1\"><a class=\"wp-block-button__link has-white-color has-vivid-cyan-blue-background-color has-text-color has-background has-link-color wp-element-button\" href=\"https:\/\/acrobat.adobe.com\/id\/urn:aaid:sc:VA6C2:17499cbb-481c-4633-ac92-f41a8b9214cf\" style=\"border-radius:81px\">Registro Calificado<\/a><\/div>\n\n\n\n<div class=\"wp-block-button is-style-outline is-style-outline--2\"><a class=\"wp-block-button__link has-white-color has-vivid-cyan-blue-background-color has-text-color has-background has-link-color wp-element-button\" href=\"https:\/\/esici.edu.co\/index.php\/inscripcion-especializacion-profesional-en-seguridad-integral-y-analisis-de-riesgos\/\">Inscripci\u00f3n<\/a><\/div>\n<\/div>\n\n\n\n<div style=\"height:43px\" aria-hidden=\"true\" class=\"wp-block-spacer\"><\/div>\n\n\n\n<h2 class=\"wp-block-heading has-text-align-left has-black-color has-text-color\">Informaci\u00f3n General<\/h2>\n\n\n\n<p class=\"has-text-align-left has-normal-font-size\"><strong>T\u00edtulo que otorga:<\/strong> Especialista Profesional en Seguridad Integral y An\u00e1lisis de Riesgos<br><strong>Resoluci\u00f3n de registro calificado:<\/strong> C\u00f3digo SNIES 10698<br><strong>Valor de la inscripci\u00f3n:<\/strong> $432.000 <br><strong>Tipo de formaci\u00f3n:<\/strong> Posgrado<br><strong>Contacto:<\/strong> 3223825884 \/ admisiones.esici@cedoc.edu.co <br><strong>Lugar donde se oferta:<\/strong> Bogot\u00e1 D.C., Colombia.<\/p>\n\n\n\n<hr class=\"wp-block-separator has-css-opacity\"\/>\n\n\n\n<div class=\"wp-block-columns is-layout-flex wp-container-core-columns-is-layout-9d6595d7 wp-block-columns-is-layout-flex\">\n<div class=\"wp-block-column is-layout-flow wp-block-column-is-layout-flow\">\n<h2 class=\"wp-block-heading\">Perfil del Aspirante<\/h2>\n\n\n\n<p>El estudiante de la Especializaci\u00f3n debe ser un oficial con vocaci\u00f3n de servicio, con alto compromiso humano, buscador del crecimiento propio, respetuoso de sus compa\u00f1eros y del personal que hace parte de la instituci\u00f3n, emprendedor honesto inquieto por alcanzar nuevos conocimientos, con buen comportamiento social, trabajador, con deseo de lograr las metas trazadas en forma responsable, solidario conocedor de sus derechos y deberes como estudiante de nuestra instituci\u00f3n y comprometido con el proyecto educativo de la Escuela.<br><br>Debe poseer y demostrar alto sentido \u00e9tico, curiosidad intelectual, responsabilidad, perseverancia, trabajo en equipo, responsabilidad social y compromiso ciudadano, debe ser capaz de resolver problemas y ser asertivo en el manejo de conflictos, demostrar una actitud de liderazgo, condiciones f\u00edsicas y mentales, acordes a la situaci\u00f3n que se est\u00e9 presentando, que evidencie coherencia entre sus valores y principios, que comprenda a la seguridad y defensa nacional. Adem\u00e1s un claro inter\u00e9s por aprender a desaprender y poder as\u00ed adquirir nuevos conocimientos, que le permitir\u00e1n ser competente en el campo en el cual se desempe\u00f1ar\u00e1.<\/p>\n<\/div>\n\n\n\n<div class=\"wp-block-column is-layout-flow wp-block-column-is-layout-flow\">\n<h2 class=\"wp-block-heading\">Perfil del Egresado <\/h2>\n\n\n\n<p>El graduado en la especializaci\u00f3n, estar\u00e1 en capacidad de organizar el uso de medios y equipos t\u00e9cnicos y electr\u00f3nicos, para la obtenci\u00f3n de informaci\u00f3n \u00fatil para contrarrestar acciones y amenazas de organizaciones que atenten contra la estructura estatal y privada.<\/p>\n\n\n\n<p>Este profesional aplicar\u00e1 el conocimiento para minimizar riesgos en los campos: del talento humano, manejo de informaci\u00f3n electr\u00f3nica, digital, etc; adecuando planes y programas acordes con las tareas propias de la profesi\u00f3n; conoce a fondo la estructura din\u00e1mica de la misma, con el fin de evidenciar, revenir, solucionar y adecuar planes de emergencia en la consecuci\u00f3n de informaci\u00f3n t\u00e9cnica que se presenten en el desarrollo cotidiano de una empresa o instituci\u00f3n, para poder determinar una proyecci\u00f3n din\u00e1mica, dentro de unas condiciones que permitan el adecuado estudio y an\u00e1lisis, para la identificaci\u00f3n de amenazas que generen inseguridad.<\/p>\n\n\n\n<p>El egresado de la Especializaci\u00f3n Profesional en Seguridad Integral y An\u00e1lisis de Riesgos es competente para organizar y administrar recursos tecnol\u00f3gicos que garanticen la Seguridad Nacional.<\/p>\n<\/div>\n<\/div>\n\n\n\n<hr class=\"wp-block-separator has-css-opacity\"\/>\n\n\n\n<h2 class=\"wp-block-heading has-text-align-center\"><strong><em>Para realizar tus pagos de la Especializaci\u00f3n, lo puedes realizar a trav\u00e9s de PSE haciendo clic en el bot\u00f3<\/em><\/strong>n<\/h2>\n\n\n<div class=\"wp-block-image is-resized\">\n<figure class=\"aligncenter size-large\"><a href=\"https:\/\/www.zonapagos.com\/t_cenaceduejer\/pagos.asp\" target=\"_blank\" rel=\"noopener\"><img decoding=\"async\" width=\"378\" height=\"376\" src=\"https:\/\/esici.edu.co\/wp-content\/uploads\/2021\/05\/PSE.png\" alt=\"\" class=\"wp-image-116\" style=\"width:129px;height:auto\" srcset=\"https:\/\/esici.edu.co\/wp-content\/uploads\/2021\/05\/PSE.png 378w, https:\/\/esici.edu.co\/wp-content\/uploads\/2021\/05\/PSE-300x298.png 300w, https:\/\/esici.edu.co\/wp-content\/uploads\/2021\/05\/PSE-150x150.png 150w\" sizes=\"(max-width: 378px) 100vw, 378px\" \/><\/a><\/figure><\/div>\n\n\n<p><\/p>\n","protected":false},"excerpt":{"rendered":"<p>Informaci\u00f3n General T\u00edtulo que otorga: Especialista Profesional en Seguridad Integral y An\u00e1lisis de RiesgosResoluci\u00f3n de registro calificado: C\u00f3digo SNIES 10698Valor de la inscripci\u00f3n: $432.000 Tipo de formaci\u00f3n: PosgradoContacto: 3223825884 \/ admisiones.esici@cedoc.edu.co Lugar donde se oferta: Bogot\u00e1 D.C., Colombia. Perfil del Aspirante El estudiante de la Especializaci\u00f3n debe ser un oficial con vocaci\u00f3n de servicio, con [&hellip;]<\/p>\n","protected":false},"author":1,"featured_media":0,"parent":0,"menu_order":0,"comment_status":"closed","ping_status":"closed","template":"","meta":{"_eb_attr":"","om_disable_all_campaigns":false,"_monsterinsights_skip_tracking":false,"_monsterinsights_sitenote_active":false,"_monsterinsights_sitenote_note":"","_monsterinsights_sitenote_category":0,"_uf_show_specific_survey":0,"_uf_disable_surveys":false,"footnotes":""},"class_list":["post-822","page","type-page","status-publish","hentry"],"aioseo_notices":[],"_links":{"self":[{"href":"https:\/\/esici.edu.co\/index.php\/wp-json\/wp\/v2\/pages\/822","targetHints":{"allow":["GET"]}}],"collection":[{"href":"https:\/\/esici.edu.co\/index.php\/wp-json\/wp\/v2\/pages"}],"about":[{"href":"https:\/\/esici.edu.co\/index.php\/wp-json\/wp\/v2\/types\/page"}],"author":[{"embeddable":true,"href":"https:\/\/esici.edu.co\/index.php\/wp-json\/wp\/v2\/users\/1"}],"replies":[{"embeddable":true,"href":"https:\/\/esici.edu.co\/index.php\/wp-json\/wp\/v2\/comments?post=822"}],"version-history":[{"count":28,"href":"https:\/\/esici.edu.co\/index.php\/wp-json\/wp\/v2\/pages\/822\/revisions"}],"predecessor-version":[{"id":4236,"href":"https:\/\/esici.edu.co\/index.php\/wp-json\/wp\/v2\/pages\/822\/revisions\/4236"}],"wp:attachment":[{"href":"https:\/\/esici.edu.co\/index.php\/wp-json\/wp\/v2\/media?parent=822"}],"curies":[{"name":"wp","href":"https:\/\/api.w.org\/{rel}","templated":true}]}}