{"id":982,"date":"2021-09-10T15:39:21","date_gmt":"2021-09-10T15:39:21","guid":{"rendered":"https:\/\/esici.edu.co\/?page_id=982"},"modified":"2024-07-16T20:31:20","modified_gmt":"2024-07-16T20:31:20","slug":"inscripcion-gerencia-de-la-seguridad-y-analisis-sociopoliticos","status":"publish","type":"page","link":"https:\/\/esici.edu.co\/index.php\/inscripcion-gerencia-de-la-seguridad-y-analisis-sociopoliticos\/","title":{"rendered":"Inscripci\u00f3n Gerencia de la Seguridad y An\u00e1lisis Sociopol\u00edticos."},"content":{"rendered":"\n<figure class=\"wp-block-image size-large\"><img fetchpriority=\"high\" decoding=\"async\" width=\"1024\" height=\"427\" src=\"https:\/\/esici.edu.co\/wp-content\/uploads\/2024\/07\/Gerencia-de-la-Seguridad-y-Analisis-Sociopolitico-1-1024x427.jpg\" alt=\"\" class=\"wp-image-2801\" srcset=\"https:\/\/esici.edu.co\/wp-content\/uploads\/2024\/07\/Gerencia-de-la-Seguridad-y-Analisis-Sociopolitico-1-1024x427.jpg 1024w, https:\/\/esici.edu.co\/wp-content\/uploads\/2024\/07\/Gerencia-de-la-Seguridad-y-Analisis-Sociopolitico-1-300x125.jpg 300w, https:\/\/esici.edu.co\/wp-content\/uploads\/2024\/07\/Gerencia-de-la-Seguridad-y-Analisis-Sociopolitico-1-768x320.jpg 768w, https:\/\/esici.edu.co\/wp-content\/uploads\/2024\/07\/Gerencia-de-la-Seguridad-y-Analisis-Sociopolitico-1-1536x640.jpg 1536w, https:\/\/esici.edu.co\/wp-content\/uploads\/2024\/07\/Gerencia-de-la-Seguridad-y-Analisis-Sociopolitico-1.jpg 1920w\" sizes=\"(max-width: 1024px) 100vw, 1024px\" \/><\/figure>\n\n\n\n<div class=\"wp-block-buttons is-layout-flex wp-block-buttons-is-layout-flex\">\n<div class=\"wp-block-button is-style-outline is-style-outline--1\"><a class=\"wp-block-button__link has-white-color has-vivid-cyan-blue-background-color has-text-color has-background wp-element-button\" href=\"https:\/\/esici.edu.co\/wp-content\/uploads\/2021\/05\/FORMULARIO-DE-INSCRIPCION-GERENCIA.docx\" style=\"border-radius:15px\" target=\"_blank\" rel=\"noreferrer noopener\">Formulario de Inscripci\u00f3n<\/a><\/div>\n<\/div>\n\n\n\n<p><\/p>\n","protected":false},"excerpt":{"rendered":"","protected":false},"author":1,"featured_media":0,"parent":0,"menu_order":0,"comment_status":"closed","ping_status":"closed","template":"","meta":{"_eb_attr":"","om_disable_all_campaigns":false,"_monsterinsights_skip_tracking":false,"_monsterinsights_sitenote_active":false,"_monsterinsights_sitenote_note":"","_monsterinsights_sitenote_category":0,"_uf_show_specific_survey":0,"_uf_disable_surveys":false,"footnotes":""},"class_list":["post-982","page","type-page","status-publish","hentry"],"aioseo_notices":[],"_links":{"self":[{"href":"https:\/\/esici.edu.co\/index.php\/wp-json\/wp\/v2\/pages\/982","targetHints":{"allow":["GET"]}}],"collection":[{"href":"https:\/\/esici.edu.co\/index.php\/wp-json\/wp\/v2\/pages"}],"about":[{"href":"https:\/\/esici.edu.co\/index.php\/wp-json\/wp\/v2\/types\/page"}],"author":[{"embeddable":true,"href":"https:\/\/esici.edu.co\/index.php\/wp-json\/wp\/v2\/users\/1"}],"replies":[{"embeddable":true,"href":"https:\/\/esici.edu.co\/index.php\/wp-json\/wp\/v2\/comments?post=982"}],"version-history":[{"count":4,"href":"https:\/\/esici.edu.co\/index.php\/wp-json\/wp\/v2\/pages\/982\/revisions"}],"predecessor-version":[{"id":2802,"href":"https:\/\/esici.edu.co\/index.php\/wp-json\/wp\/v2\/pages\/982\/revisions\/2802"}],"wp:attachment":[{"href":"https:\/\/esici.edu.co\/index.php\/wp-json\/wp\/v2\/media?parent=982"}],"curies":[{"name":"wp","href":"https:\/\/api.w.org\/{rel}","templated":true}]}}